1?
47
Calculate the highest common divisor of 1760 and 12592195.
55
What is the highest common divisor of 26293 and 163?
1
Calculate the greatest common factor of 193075019 and 2152.
269
Calculate the highest common factor of 5498 and 3793.
1
What is the greatest common divisor of 3341104 and 9360?
208
What is the greatest common divisor of 294846 and 7833138?
1878
What is the greatest common factor of 36515 and 9525725?
335
Calculate the highest common divisor of 141223312 and 368.
368
What is the greatest common factor of 6358937 and 62?
31
What is the highest common factor of 94933 and 3?
1
Calculate the greatest common factor of 8747252 and 9252.
1028
Calculate the greatest common divisor of 466111884 and 588.
84
What is the greatest common divisor of 674259 and 58962?
951
Calculate the highest common factor of 111678 and 938.
14
What is the highest common divisor of 5472 and 9750816?
288
Calculate the highest common divisor of 14628661 and 883.
883
What is the greatest common factor of 184950 and 10348425?
675
What is the greatest common divisor of 170200181 and 716?
179
What is the greatest common divisor of 4133899 and 62678?
2849
What is the highest common factor of 1822117 and 46508?
1661
What is the highest common divisor of 14256 and 122256?
432
What is the highest common divisor of 11598405 and 116?
29
Calculate the highest common factor of 750 and 54804500.
250
What is the highest common factor of 11550186 and 63?
9
What is the greatest common divisor of 792 and 382101588?
396
What is the greatest common factor of 2629238 and 7298?
178
What is the greatest common divisor of 13000 and 289346200?
2600
What is the greatest common divisor of 8 and 67912822?
2
What is the greatest common divisor of 656561337 and 222?
111
What is the greatest common divisor of 8354566 and 196650?
874
Calculate the highest common divisor of 18643 and 54487.
103
Calculate the highest common factor of 41691276 and 1584.
396
What is the greatest common divisor of 6201854 and 4?
2
What is the highest common divisor of 3859310 and 350?
70
What is the highest common factor of 3892548 and 111?
111
Calculate the highest common factor of 8879745 and 18525.
285
What is the highest common divisor of 9229672 and 282?
94
Calculate the greatest common divisor of 7 and 713503.
7
What is the greatest common factor of 160952 and 35400?
472
What is the greatest common divisor of 39031 and 1104747?
1697
Calculate the highest common factor of 421888 and 337016.
824
Calculate the highest common divisor of 32501 and 1057.
7
Calculate the highest common divisor of 531492624 and 988.
988
Calculate the highest common divisor of 37453 and 1788163.
871
What is the highest common divisor of 11531165 and 345?
115
What is the greatest common divisor of 7448 and 69958?
266
What is the highest common divisor of 32144 and 66455711?
2009
Calculate the greatest common factor of 1366750 and 818630.
710
Calculate the greatest common factor of 37281667 and 19.
19
Calculate the highest common factor of 224 and 2272452.
28
What is the greatest common divisor of 83700928 and 3536?
272
Calculate the greatest common divisor of 1072 and 73188857.
67
Calculate the highest common divisor of 7446082 and 294.
14
Calculate the greatest common factor of 174176 and 233504.
32
What is the greatest common factor of 12452 and 160235732?
1132
What is the highest common factor of 235350 and 639629?
523
Calculate the greatest common factor of 783 and 17708357.
29
Calculate the highest common factor of 1216 and 17984.
64
Calculate the highest common factor of 3503 and 1654433.
113
What is the greatest common divisor of 1458 and 138514374?
1458
What is the highest common divisor of 3551555 and 51?
17
What is the greatest common divisor of 175 and 6789825?
175
What is the greatest common divisor of 33758 and 3571208183?
16879
What is the greatest common divisor of 2101 and 6507370?
191
Calculate the greatest common factor of 259 and 563595581.
37
What is the greatest common divisor of 12019 and 249138417?
1717
What is the highest common divisor of 3635 and 1762447925?
3635
Calculate the highest common divisor of 5588286 and 145734.
1362
Calculate the highest common divisor of 1240656 and 48.
48
What is the highest common factor of 663 and 272753?
13
What is the greatest common factor of 401 and 3014?
1
Calculate the highest common factor of 43 and 15828085.
43
Calculate the highest common factor of 6193 and 102553.
11
What is the greatest common divisor of 122242380 and 585?
195
What is the greatest common divisor of 468369610 and 70?
10
What is the greatest common factor of 12325 and 18650?
25
Calculate the highest common divisor of 19077818 and 12949.
563
What is the highest common divisor of 494703 and 1172072?
209
Calculate the highest common divisor of 4056 and 9691812.
2028
Calculate the highest common divisor of 3305020783 and 9143.
9143
What is the highest common divisor of 409557 and 6?
3
Calculate the highest common divisor of 52001 and 133667.
349
What is the highest common factor of 255645 and 10882611?
3933
Calculate the highest common divisor of 80 and 22461920.
80
Calculate the highest common factor of 283 and 709444.
1
Calculate the highest common factor of 96120 and 3285880.
3560
What is the highest common divisor of 395138 and 22?
2
What is the greatest common factor of 5490 and 296955?
45
Calculate the greatest common divisor of 2090231 and 14053.
611
Calculate the greatest common divisor of 31890 and 403530.
30
What is the greatest common factor of 11 and 38151?
1
Calculate the greatest common factor of 301636797 and 231.
231
Calculate the highest common divisor of 21032949 and 14.
7
What is the greatest common factor of 6840007 and 204264?
2837
What is the highest common factor of 9047 and 136784?
83
What is the greatest common divisor of 76 and 350804?
4
What is the highest common factor of 424495 and 745?
5
Calculate the highest common factor of 2097 and 441.
9
Calculate the greatest common factor of 2638 and 11630942.
2638
Calculate the highest common factor of 29225 and 540.
5
Calculate the highest common divisor of 586847 and 2701.
73
Calculate the greatest common factor of 31902 and 177097.
409
Calculate the highest common divisor of 12 and 65228892.
12
Calculate the highest common factor of 138 and 160142.
2
Calculate the highest common factor of 381 and 337023.
3
What is the greatest common divisor of 2335151376 and 4007?
4007
What is the highest common divisor of 433643472 and 2208?
1104
What is the highest common divisor of 6957 and 1385989?
773
What is the greatest common divisor of 571604 and 308?
44
What is the highest common factor of 41 and 2034133?
41
Calculate the greatest common factor of 2224 and 41846228.
556
Calculate the greatest common divisor of 526995 and 1090495.
245
Calculate the highest common factor of 448196605 and 1178.
589
What is the greatest common factor of 9 and 101571966?
9
Calculate the highest common factor of 886730 and 2626.
26
What is the highest common divisor of 21 and 42754467?
21
What is the highest common factor of 105 and 223090000?
35
What is the greatest common factor of 21 and 4172088?
3
Calculate the highest common divisor of 605 and 23301113.
11
What is the highest common factor of 18668 and 45895996?
1436
What is the highest common factor of 69 and 81936603?
69
Calculate the greatest common divisor of 978875 and 55719.
41
Calculate the greatest common factor of 5916 and 112200.
204
What is the greatest common factor of 78315468 and 63?
21
What is the greatest common divisor of 121 and 16404399?
11
What is the highest common factor of 252 and 256445?
7
What is the greatest common factor of 24211 and 117652254?
2201
What is the greatest common factor of 58 and 339436126?
58
Calculate the greatest common factor of 699516 and 7369704.
5508
What is the greatest common divisor of 320 and 55079840?
160
What is the highest common divisor of 5723047 and 60676?
2167
What is the greatest common divisor of 1106 and 283962?
14
What is the greatest common factor of 1461000 and 8410?
10
What is the greatest common divisor of 70633 and 23977040?
1909
What is the greatest common divisor of 82754 and 3684352?
3598
Calculate the highest common factor of